{"id":110,"date":"2021-12-29T11:43:03","date_gmt":"2021-12-29T11:43:03","guid":{"rendered":"https:\/\/www.rudolfinskyples.cz\/?page_id=110"},"modified":"2022-08-31T09:24:16","modified_gmt":"2022-08-31T09:24:16","slug":"napsali-o-nas","status":"publish","type":"page","link":"https:\/\/www.rudolfinskyples.cz\/index.php\/napsali-o-nas\/","title":{"rendered":"Napsali o n\u00e1s"},"content":{"rendered":"\n<p class=\"has-text-align-left has-normal-font-size\"><meta charset=\"utf-8\"><meta charset=\"utf-8\"><strong><a href=\"https:\/\/prahatv.eu\/zpravy\/praha\/praha\/9390\/rudolfinsky-ples-roztancil-novomestskou-radnici?fbclid=IwAR1nwh3ExHBDuv7Ce7ImdKKPOlliCzxvBuj9Me0hIcy-0OwnexPadfxQGjU\">Report\u00e1\u017e Praha TV<\/a><\/strong>              <\/p>\n\n\n\n<p class=\"has-text-align-left has-normal-font-size\"> <img loading=\"lazy\" decoding=\"async\" width=\"450\" height=\"216\" class=\"wp-image-191\" style=\"width: 450px;\" src=\"https:\/\/www.rudolfinskyples.cz\/wp-content\/uploads\/2022\/08\/Sni\u0301mek-obrazovky-2022-08-31-v-11.15.10.png\" alt=\"\" srcset=\"https:\/\/www.rudolfinskyples.cz\/wp-content\/uploads\/2022\/08\/Sni\u0301mek-obrazovky-2022-08-31-v-11.15.10.png 1358w, https:\/\/www.rudolfinskyples.cz\/wp-content\/uploads\/2022\/08\/Sni\u0301mek-obrazovky-2022-08-31-v-11.15.10-300x144.png 300w, https:\/\/www.rudolfinskyples.cz\/wp-content\/uploads\/2022\/08\/Sni\u0301mek-obrazovky-2022-08-31-v-11.15.10-1024x491.png 1024w, https:\/\/www.rudolfinskyples.cz\/wp-content\/uploads\/2022\/08\/Sni\u0301mek-obrazovky-2022-08-31-v-11.15.10-768x368.png 768w\" sizes=\"auto, (max-width: 450px) 100vw, 450px\" \/><\/p>\n\n\n\n<p class=\"has-normal-font-size\"><strong><a href=\"https:\/\/www.fotohad.cz\/aktualne-rudolfinsky-ples-2019.php\">FotoHad<\/a><\/strong> Ples se v\u0161\u00edm v\u0161udy! Akustick\u00e1, dobov\u00e1 hudba, nejobl\u00edben\u011bj\u0161\u00ed tance 16. a \u00a017. stolet\u00ed, kr\u00e1sn\u00e9 prostory Velk\u00e9ho s\u00e1lu Novom\u011bstsk\u00e9 radnice v Praze, dobov\u00e9 recepty i n\u00e1poje a p\u0159edev\u0161\u00edm velik\u00e1 spole\u010densk\u00e1 ud\u00e1lost\u2026 &#8222;Rond&#8220; je pestr\u00e9 spole\u010denstv\u00ed lid\u00ed s bohatou tane\u010dn\u00ed, divadeln\u00ed, hudebn\u00ed \u010di \u0161erm\u00ed\u0159skou minulost\u00ed, kter\u00e9 poj\u00ed spole\u010dn\u00e1 touha d\u011blat star\u00fd tanec jinak, ne\u017e bylo v na\u0161ich kraj\u00edch doposavad zvykem. Lid\u00ed, kter\u00fdm nevad\u00ed \u010d\u00edst \u010dty\u0159i sta let star\u00e9 tane\u010dn\u00ed spisy v origin\u00e1le, kter\u00fdm nep\u0159ipad\u00e1 jako ztr\u00e1ta \u010dasu vyr\u00e1b\u011bt dvacet hodin knofl\u00edky, kter\u00fdm nep\u0159ijde nep\u0159im\u011b\u0159en\u00e9 pracovat dva roky na jednom vystoupen\u00ed, a kter\u00fdm tanec na ko\u017een\u00e9 podr\u00e1\u017ece nenah\u00e1n\u00ed hr\u016fzu. (http:\/\/blog.rond.cz\/) Ji\u017e pop\u00e1t\u00e9 jsem se vydal na cestu \u010dasem. Obl\u00e9kl si na m\u00edru \u0161it\u00fd kost\u00fdm, na krk zav\u011bsil fotoapar\u00e1t a zav\u0159el o\u010di. U\u017e to sly\u0161\u00edm &#8230;.cink\u00e1n\u00ed kovov\u00fdch poh\u00e1r\u016f, \u0161um hlas\u016f, slab\u00e1, ale st\u00e1le s\u00edl\u00edc\u00ed, melodick\u00e1 hudba, \u0161ust\u011bn\u00ed \u0161at\u016f a klapot podpatk\u016f. V\u016fn\u011b sladk\u00fdch i slan\u00fdch kol\u00e1\u010d\u016f, siln\u00e9ho v\u00edna a ko\u0159en\u011bn\u00e9ho piva. Zase o\u010di otv\u00edr\u00e1m a jsem v jin\u00e9 dob\u011b. Elegantn\u00ed m\u011b\u0161\u0165an s kon\u0161elsk\u00fdm \u0159et\u011bzem kolem krku mne pozdrav\u00ed lehkou \u00faklonou. D\u00e1ma s perlov\u00fdm n\u00e1hrdeln\u00edkem ud\u011bl\u00e1 pukrle a koketn\u011b se \u00a0na m\u011b usm\u011bje. Knecht s ostr\u00fdm tes\u00e1kem za pasem m\u011b m\u00e1vnut\u00edm zve k hr\u00e1\u010dsk\u00e9mu stolu &#8230;&#8220;Kostky \u010dekaj\u00ed!&#8220; Ale j\u00e1 jsem tu hlavn\u011b proto, abych se pokusil zachytit ty prchav\u00e9 okam\u017eiky. Ob\u010das na to ale zapom\u00edn\u00e1m a se svitem sv\u00edc\u00ed v o\u010d\u00edch se st\u00e1v\u00e1m sou\u010d\u00e1st\u00ed jin\u00e9ho stolet\u00ed &#8230;&#8230; D\u00edky :o)<\/p>\n\n\n\n<p class=\"has-normal-font-size\"><strong><a rel=\"noreferrer noopener\" href=\"https:\/\/www.reflex.cz\/clanek\/kultura\/99510\/nevidana-vasen-cechu-pro-plesy-ma-vice-nez-dvousetletou-tradici-letos-se-k-ni-pripoji-i-reflex.html\" data-type=\"URL\" data-id=\"https:\/\/www.reflex.cz\/clanek\/kultura\/99510\/nevidana-vasen-cechu-pro-plesy-ma-vice-nez-dvousetletou-tradici-letos-se-k-ni-pripoji-i-reflex.html\" target=\"_blank\">Reflex<\/a><\/strong> Je zima, \u010das\u00a0ples\u016f. Kratochv\u00edle kdysi vyhrazen\u00e1 \u0161lecht\u011b d\u00e1vno zlidov\u011bla, tak\u017ee tane\u010dn\u00ed rej si dnes dop\u0159\u00e1vaj\u00ed dobrovoln\u00ed hasi\u010di i zdravotn\u00ed sestry, zahradn\u00edci \u010di letci, pr\u00e1vn\u00edci a sexu\u00e1ln\u00ed men\u0161iny, po\u0159\u00e1daj\u00ed je m\u011bstsk\u00e9 \u010d\u00e1sti i p\u0159\u00edznivci \u010desko-slovensk\u00e9ho p\u0159\u00e1telstv\u00ed. V Praze je mo\u017en\u00e9 si zaj\u00edt na\u00a0ples moravsk\u00fd i\u00a0rudolf\u00ednsk\u00fd,\u00a0bezpo\u010det maturitn\u00edch anebo\u202fna\u00a0Ples\u202f\u010dasopisu Reflex.<\/p>\n\n\n\n<p class=\"has-normal-font-size\"><strong><a href=\"https:\/\/www.prahanews.cz\/unor-zahajil-jubilejni-rudolfinsky-ples\/\">Praha News<\/a> <\/strong>Druh\u00fd m\u011bs\u00edc leto\u0161n\u00edho roku byl \u00fasp\u011b\u0161n\u011b odstartov\u00e1n. V Praze byl dokonce m\u011bs\u00edc \u00fanor odstartov\u00e1n se v\u0161\u00ed par\u00e1dou. Odstartoval ho toti\u017e des\u00e1t\u00fd, u\u017e jubilejn\u00ed\u00a0ples, kter\u00fd se konal v\u00a0pra\u017esk\u00e9m Rudolf\u00ednu <em>(edit: v Novom\u011bstsk\u00e9 radnici )<\/em>.\u00a0Jako ka\u017ed\u00fd rok se jednalo o velkolepou pod\u00edvanou, o velkolepou ud\u00e1lost, kter\u00e9 se \u00fa\u010dastnili mnoz\u00ed z v\u00e1s. Jako ka\u017ed\u00fd rok byla atmosf\u00e9ra t\u00e9to renesan\u010dn\u00ed slavnosti neopakovateln\u00e1, letos jsme se dokonce p\u0159esunuli do baroka a evropsk\u00e9 renesance, jeliko\u017e \u00fa\u010dastn\u00edci se do t\u011bchto \u010dasov\u00fdch obdob\u00ed mohli obl\u00e9knout. \u00da\u010dastn\u00edci plesu tak doslova cestovali \u010dasem.\u00a0\u00a0I letos byl Rudolf\u00ednsk\u00fd\u00a0ples\u00a0doslova nabit\u00fd. V r\u00e1mci programu mohli \u00fa\u010dastn\u00edci zhl\u00e9dnout hbit\u00e9 no\u017eky p\u0159ipraven\u00fdch tane\u010dn\u00edk\u016f, tak\u00e9 byly k dispozici nejr\u016fzn\u011bj\u0161\u00ed dobroty, kter\u00e9 se p\u0159ipravovaly podle dochovan\u00fdch receptu, tak\u00e9 byly na programu i d\u00edv\u010d\u00ed zp\u011bvy, kter\u00e9 doprov\u00e1zela loutna nebo gamba. Krom\u011b jin\u00e9ho si mohli \u00fa\u010dastn\u00edci zahr\u00e1t i spole\u010densk\u00e9 hry, jako jsou karty nebo kostky.\u00a0<\/p>\n","protected":false},"excerpt":{"rendered":"<p>Report\u00e1\u017e Praha TV FotoHad Ples se v\u0161\u00edm v\u0161udy! Akustick\u00e1, dobov\u00e1 hudba, nejobl\u00edben\u011bj\u0161\u00ed tance 16. a \u00a017. stolet\u00ed, kr\u00e1sn\u00e9 prostory Velk\u00e9ho s\u00e1lu Novom\u011bstsk\u00e9 radnice v Praze,<a href=\"https:\/\/www.rudolfinskyples.cz\/index.php\/napsali-o-nas\/\" class=\"more-link\"><span class=\"screen-reader-text\"> &#8222;Napsali o n\u00e1s&#8220;<\/span><\/a><\/p>\n","protected":false},"author":1,"featured_media":0,"parent":0,"menu_order":0,"comment_status":"closed","ping_status":"closed","template":"","meta":{"footnotes":""},"class_list":["post-110","page","type-page","status-publish","hentry"],"_links":{"self":[{"href":"https:\/\/www.rudolfinskyples.cz\/index.php\/wp-json\/wp\/v2\/pages\/110","targetHints":{"allow":["GET"]}}],"collection":[{"href":"https:\/\/www.rudolfinskyples.cz\/index.php\/wp-json\/wp\/v2\/pages"}],"about":[{"href":"https:\/\/www.rudolfinskyples.cz\/index.php\/wp-json\/wp\/v2\/types\/page"}],"author":[{"embeddable":true,"href":"https:\/\/www.rudolfinskyples.cz\/index.php\/wp-json\/wp\/v2\/users\/1"}],"replies":[{"embeddable":true,"href":"https:\/\/www.rudolfinskyples.cz\/index.php\/wp-json\/wp\/v2\/comments?post=110"}],"version-history":[{"count":4,"href":"https:\/\/www.rudolfinskyples.cz\/index.php\/wp-json\/wp\/v2\/pages\/110\/revisions"}],"predecessor-version":[{"id":192,"href":"https:\/\/www.rudolfinskyples.cz\/index.php\/wp-json\/wp\/v2\/pages\/110\/revisions\/192"}],"wp:attachment":[{"href":"https:\/\/www.rudolfinskyples.cz\/index.php\/wp-json\/wp\/v2\/media?parent=110"}],"curies":[{"name":"wp","href":"https:\/\/api.w.org\/{rel}","templated":true}]}}

Napsali o nás

<p class="has-text-align-left has-normal-font-size"><meta charset="utf-8"><meta charset="utf-8"><strong><a href="https://prahatv.eu/zpravy/praha/praha/9390/rudolfinsky-ples-roztancil-novomestskou-radnici?fbclid=IwAR1nwh3ExHBDuv7Ce7ImdKKPOlliCzxvBuj9Me0hIcy-0OwnexPadfxQGjU">Reportáž Praha TV</a></strong>              </p>



<p class="has-text-align-left has-normal-font-size"> <img loading="lazy" decoding="async" width="450" height="216" class="wp-image-191" style="width: 450px;" src="https://www.rudolfinskyples.cz/wp-content/uploads/2022/08/Snímek-obrazovky-2022-08-31-v-11.15.10.png" alt="" srcset="https://www.rudolfinskyples.cz/wp-content/uploads/2022/08/Snímek-obrazovky-2022-08-31-v-11.15.10.png 1358w, https://www.rudolfinskyples.cz/wp-content/uploads/2022/08/Snímek-obrazovky-2022-08-31-v-11.15.10-300x144.png 300w, https://www.rudolfinskyples.cz/wp-content/uploads/2022/08/Snímek-obrazovky-2022-08-31-v-11.15.10-1024x491.png 1024w, https://www.rudolfinskyples.cz/wp-content/uploads/2022/08/Snímek-obrazovky-2022-08-31-v-11.15.10-768x368.png 768w" sizes="auto, (max-width: 450px) 100vw, 450px" /></p>



<p class="has-normal-font-size"><strong><a href="https://www.fotohad.cz/aktualne-rudolfinsky-ples-2019.php">FotoHad</a></strong> Ples se vším všudy! Akustická, dobová hudba, nejoblíbenější tance 16. a  17. století, krásné prostory Velkého sálu Novoměstské radnice v Praze, dobové recepty i nápoje a především veliká společenská událost… &#8222;Rond&#8220; je pestré společenství lidí s bohatou taneční, divadelní, hudební či šermířskou minulostí, které pojí společná touha dělat starý tanec jinak, než bylo v našich krajích doposavad zvykem. Lidí, kterým nevadí číst čtyři sta let staré taneční spisy v originále, kterým nepřipadá jako ztráta času vyrábět dvacet hodin knoflíky, kterým nepřijde nepřiměřené pracovat dva roky na jednom vystoupení, a kterým tanec na kožené podrážce nenahání hrůzu. (http://blog.rond.cz/) Již popáté jsem se vydal na cestu časem. Oblékl si na míru šitý kostým, na krk zavěsil fotoaparát a zavřel oči. Už to slyším &#8230;.cinkání kovových pohárů, šum hlasů, slabá, ale stále sílící, melodická hudba, šustění šatů a klapot podpatků. Vůně sladkých i slaných koláčů, silného vína a kořeněného piva. Zase oči otvírám a jsem v jiné době. Elegantní měšťan s konšelským řetězem kolem krku mne pozdraví lehkou úklonou. Dáma s perlovým náhrdelníkem udělá pukrle a koketně se  na mě usměje. Knecht s ostrým tesákem za pasem mě mávnutím zve k hráčskému stolu &#8230;&#8220;Kostky čekají!&#8220; Ale já jsem tu hlavně proto, abych se pokusil zachytit ty prchavé okamžiky. Občas na to ale zapomínám a se svitem svící v očích se stávám součástí jiného století &#8230;&#8230; Díky :o)</p>



<p class="has-normal-font-size"><strong><a rel="noreferrer noopener" href="https://www.reflex.cz/clanek/kultura/99510/nevidana-vasen-cechu-pro-plesy-ma-vice-nez-dvousetletou-tradici-letos-se-k-ni-pripoji-i-reflex.html" data-type="URL" data-id="https://www.reflex.cz/clanek/kultura/99510/nevidana-vasen-cechu-pro-plesy-ma-vice-nez-dvousetletou-tradici-letos-se-k-ni-pripoji-i-reflex.html" target="_blank">Reflex</a></strong> Je zima, čas plesů. Kratochvíle kdysi vyhrazená šlechtě dávno zlidověla, takže taneční rej si dnes dopřávají dobrovolní hasiči i zdravotní sestry, zahradníci či letci, právníci a sexuální menšiny, pořádají je městské části i příznivci česko-slovenského přátelství. V Praze je možné si zajít na ples moravský i rudolfínský, bezpočet maturitních anebo na Ples časopisu Reflex.</p>



<p class="has-normal-font-size"><strong><a href="https://www.prahanews.cz/unor-zahajil-jubilejni-rudolfinsky-ples/">Praha News</a> </strong>Druhý měsíc letošního roku byl úspěšně odstartován. V Praze byl dokonce měsíc únor odstartován se vší parádou. Odstartoval ho totiž desátý, už jubilejní ples, který se konal v pražském Rudolfínu <em>(edit: v Novoměstské radnici )</em>. Jako každý rok se jednalo o velkolepou podívanou, o velkolepou událost, které se účastnili mnozí z vás. Jako každý rok byla atmosféra této renesanční slavnosti neopakovatelná, letos jsme se dokonce přesunuli do baroka a evropské renesance, jelikož účastníci se do těchto časových období mohli obléknout. Účastníci plesu tak doslova cestovali časem.  I letos byl Rudolfínský ples doslova nabitý. V rámci programu mohli účastníci zhlédnout hbité nožky připravených tanečníků, také byly k dispozici nejrůznější dobroty, které se připravovaly podle dochovaných receptu, také byly na programu i dívčí zpěvy, které doprovázela loutna nebo gamba. Kromě jiného si mohli účastníci zahrát i společenské hry, jako jsou karty nebo kostky. </p>

<p>Reportáž Praha TV FotoHad Ples se vším všudy! Akustická, dobová hudba, nejoblíbenější tance 16. a  17. století, krásné prostory Velkého sálu Novoměstské radnice v Praze,<a href="https://www.rudolfinskyples.cz/index.php/napsali-o-nas/" class="more-link"><span class="screen-reader-text"> &#8222;Napsali o nás&#8220;</span></a></p>
