{"id":116,"date":"2021-12-29T12:28:04","date_gmt":"2021-12-29T12:28:04","guid":{"rendered":"https:\/\/www.rudolfinskyples.cz\/?page_id=116"},"modified":"2026-03-29T07:49:26","modified_gmt":"2026-03-29T07:49:26","slug":"ples-v-obrazech","status":"publish","type":"page","link":"https:\/\/www.rudolfinskyples.cz\/index.php\/ples-v-obrazech\/","title":{"rendered":"Ples v obrazech"},"content":{"rendered":"\n<div class=\"wp-block-columns alignwide is-layout-flex wp-container-core-columns-is-layout-9d6595d7 wp-block-columns-is-layout-flex\">\n<div class=\"wp-block-column is-layout-flow wp-block-column-is-layout-flow\" style=\"flex-basis:50%\">\n<figure class=\"wp-block-image size-full is-resized\"><img loading=\"lazy\" decoding=\"async\" width=\"660\" height=\"441\" src=\"https:\/\/www.rudolfinskyples.cz\/wp-content\/uploads\/2022\/08\/Sni\u0301mek-obrazovky-2022-08-31-v-11.57.56.png\" alt=\"\" class=\"wp-image-199\" srcset=\"https:\/\/www.rudolfinskyples.cz\/wp-content\/uploads\/2022\/08\/Sni\u0301mek-obrazovky-2022-08-31-v-11.57.56.png 660w, https:\/\/www.rudolfinskyples.cz\/wp-content\/uploads\/2022\/08\/Sni\u0301mek-obrazovky-2022-08-31-v-11.57.56-300x200.png 300w\" sizes=\"auto, (max-width: 660px) 100vw, 660px\" \/><\/figure>\n\n\n\n<figure class=\"wp-block-image size-full is-resized\"><img loading=\"lazy\" decoding=\"async\" width=\"660\" height=\"441\" src=\"https:\/\/www.rudolfinskyples.cz\/wp-content\/uploads\/2022\/08\/Sni\u0301mek-obrazovky-2022-08-31-v-11.57.56.png\" alt=\"\" class=\"wp-image-199\" srcset=\"https:\/\/www.rudolfinskyples.cz\/wp-content\/uploads\/2022\/08\/Sni\u0301mek-obrazovky-2022-08-31-v-11.57.56.png 660w, https:\/\/www.rudolfinskyples.cz\/wp-content\/uploads\/2022\/08\/Sni\u0301mek-obrazovky-2022-08-31-v-11.57.56-300x200.png 300w\" sizes=\"auto, (max-width: 660px) 100vw, 660px\" \/><\/figure>\n\n\n\n<figure class=\"wp-block-image is-resized\"><img loading=\"lazy\" decoding=\"async\" width=\"1024\" height=\"683\" src=\"https:\/\/www.rudolfinskyples.cz\/wp-content\/uploads\/2021\/12\/MG_6300-1-1024x683.jpg\" alt=\"\" class=\"wp-image-117\" style=\"width:548px;height:auto\" srcset=\"https:\/\/www.rudolfinskyples.cz\/wp-content\/uploads\/2021\/12\/MG_6300-1-1024x683.jpg 1024w, https:\/\/www.rudolfinskyples.cz\/wp-content\/uploads\/2021\/12\/MG_6300-1-300x200.jpg 300w, https:\/\/www.rudolfinskyples.cz\/wp-content\/uploads\/2021\/12\/MG_6300-1-768x512.jpg 768w, https:\/\/www.rudolfinskyples.cz\/wp-content\/uploads\/2021\/12\/MG_6300-1.jpg 1329w\" sizes=\"auto, (max-width: 1024px) 100vw, 1024px\" \/><\/figure>\n\n\n\n<figure class=\"wp-block-image size-large is-resized\"><img loading=\"lazy\" decoding=\"async\" width=\"1024\" height=\"576\" src=\"https:\/\/www.rudolfinskyples.cz\/wp-content\/uploads\/2021\/12\/cropped-190126_7221_9-Rudolfinsky-ples_Pav-scaled-1-1024x576.jpg\" alt=\"\" class=\"wp-image-83\" style=\"width:546px;height:auto\" srcset=\"https:\/\/www.rudolfinskyples.cz\/wp-content\/uploads\/2021\/12\/cropped-190126_7221_9-Rudolfinsky-ples_Pav-scaled-1-1024x576.jpg 1024w, https:\/\/www.rudolfinskyples.cz\/wp-content\/uploads\/2021\/12\/cropped-190126_7221_9-Rudolfinsky-ples_Pav-scaled-1-300x169.jpg 300w, https:\/\/www.rudolfinskyples.cz\/wp-content\/uploads\/2021\/12\/cropped-190126_7221_9-Rudolfinsky-ples_Pav-scaled-1-768x432.jpg 768w, https:\/\/www.rudolfinskyples.cz\/wp-content\/uploads\/2021\/12\/cropped-190126_7221_9-Rudolfinsky-ples_Pav-scaled-1-1536x864.jpg 1536w, https:\/\/www.rudolfinskyples.cz\/wp-content\/uploads\/2021\/12\/cropped-190126_7221_9-Rudolfinsky-ples_Pav-scaled-1-2048x1153.jpg 2048w\" sizes=\"auto, (max-width: 1024px) 100vw, 1024px\" \/><\/figure>\n\n\n\n<figure class=\"wp-block-image size-large is-resized\"><img loading=\"lazy\" decoding=\"async\" width=\"1024\" height=\"576\" src=\"https:\/\/www.rudolfinskyples.cz\/wp-content\/uploads\/2021\/12\/cropped-190126_6428_9_Rudolfinsky-ples_Had-scaled-1-1024x576.jpg\" alt=\"\" class=\"wp-image-84\" style=\"width:547px;height:auto\" srcset=\"https:\/\/www.rudolfinskyples.cz\/wp-content\/uploads\/2021\/12\/cropped-190126_6428_9_Rudolfinsky-ples_Had-scaled-1-1024x576.jpg 1024w, https:\/\/www.rudolfinskyples.cz\/wp-content\/uploads\/2021\/12\/cropped-190126_6428_9_Rudolfinsky-ples_Had-scaled-1-300x169.jpg 300w, https:\/\/www.rudolfinskyples.cz\/wp-content\/uploads\/2021\/12\/cropped-190126_6428_9_Rudolfinsky-ples_Had-scaled-1-768x432.jpg 768w, https:\/\/www.rudolfinskyples.cz\/wp-content\/uploads\/2021\/12\/cropped-190126_6428_9_Rudolfinsky-ples_Had-scaled-1-1536x864.jpg 1536w, https:\/\/www.rudolfinskyples.cz\/wp-content\/uploads\/2021\/12\/cropped-190126_6428_9_Rudolfinsky-ples_Had-scaled-1-2048x1153.jpg 2048w\" sizes=\"auto, (max-width: 1024px) 100vw, 1024px\" \/><\/figure>\n<\/div>\n\n\n\n<div class=\"wp-block-column is-layout-flow wp-block-column-is-layout-flow\" style=\"flex-basis:50%\">\n<p><strong>FOTOREPORT<\/strong><\/p>\n\n\n\n<p>15.\u00a0Rudolf\u00ednsk\u00fd ples (16. a 17. stolet\u00ed): <strong><strong>na\u0161e galerie<\/strong>,\u00a0<strong><a href=\"https:\/\/www.facebook.com\/media\/set?vanity=martin.had.patocka&amp;set=a.10225961268578145\" target=\"_blank\" rel=\"noreferrer noopener\">Had FB<\/a><\/strong>,\u00a0<strong><a href=\"https:\/\/photos.google.com\/u\/1\/share\/AF1QipNSRIihPeuV21zNSqCJKWoKpaGo1zQ8I5Ue2y-60i73wGESuUxVv1iJQKNhcRImhg?pli=1&amp;key=VXlvRjRBVDVWMDRDUVg2MUNQaGFkRER4RHVGWW13\" target=\"_blank\" rel=\"noreferrer noopener\">Barka Fabi\u00e1nov\u00e1 fotokoutek<\/a><\/strong><\/strong>, <a href=\"https:\/\/photos.google.com\/share\/AF1QipNI48mfH0OxSRGTo6H3ZNLXxqC62yHS22qfoVDnzkuDlWrqJt6DY6-3kTpmOVSiCw?key=OW5UZWxfVjAyN0l0Mjh5bVUyXzBOUVktMEI0Q1FR\"><strong>Barka Fabi\u00e1nov\u00e1<\/strong><\/a><\/p>\n\n\n\n<p>14.&nbsp;Rudolf\u00ednsk\u00fd ples (16. a 17. stolet\u00ed): <strong><strong><strong><a href=\"https:\/\/eu.zonerama.com\/Rond\/Album\/14359833\">na\u0161e galerie<\/a><\/strong><\/strong><\/strong><meta charset=\"utf-8\"><\/p>\n\n\n\n<p>13.&nbsp;Rudolf\u00ednsk\u00fd ples (16. a 17. stolet\u00ed): <strong><strong><a href=\"https:\/\/eu.zonerama.com\/Rond\/Album\/11023392\" target=\"_blank\" rel=\"noreferrer noopener\">na\u0161e galerie<\/a><\/strong>,&nbsp;<strong><a href=\"https:\/\/www.rajce.idnes.cz\/patockam\/album\/rudolfinsky-ples-2024?\" target=\"_blank\" rel=\"noreferrer noopener\">Had<\/a><\/strong>,&nbsp;<strong><a href=\"http:\/\/oook.cz\/events\/rond24\/\" target=\"_blank\" rel=\"noreferrer noopener\">P\u00e1v Lu\u010di\u0161tn\u00edk<\/a><\/strong><\/strong><\/p>\n\n\n\n<p>12.&nbsp;Rudolf\u00ednsk\u00fd ples (16. a 17. stolet\u00ed): <a href=\"https:\/\/eu.zonerama.com\/Rond\/Album\/10644302\" target=\"_blank\" rel=\"noreferrer noopener\"><strong>na\u0161e galerie<\/strong><\/a><\/p>\n\n\n\n<p>10.&nbsp;Rudolf\u00ednsk\u00fd ples (16. a 17. stolet\u00ed): <a href=\"https:\/\/www.zonerama.com\/Rond\/Album\/6960201\" target=\"_blank\" rel=\"noreferrer noopener\"><strong>na\u0161e galeri<\/strong><\/a><strong><a href=\"https:\/\/www.zonerama.com\/Rond\/Album\/6960201\" target=\"_blank\" rel=\"noreferrer noopener\">e<\/a>,&nbsp;<a href=\"http:\/\/oook.cz\/events\/rudolfinsky20\/\">P\u00e1v<\/a><\/strong><\/p>\n\n\n\n<p><br>9. Rudolf\u00ednsk\u00fd ples (16. a 17. stolet\u00ed):&nbsp;<strong><a href=\"https:\/\/www.zonerama.com\/Rond\/Album\/5093238\" target=\"_blank\" rel=\"noreferrer noopener\">na\u0161e galerie<\/a><\/strong>,&nbsp;<strong><a href=\"https:\/\/www.fotohad.cz\/aktualne-rudolfinsky-ples-2019.php\" target=\"_blank\" rel=\"noreferrer noopener\">Had<\/a><\/strong>,&nbsp;<strong><a href=\"http:\/\/oook.cz\/events\/rudolfinsky19\/\" target=\"_blank\" rel=\"noreferrer noopener\">P\u00e1v Lu\u010di\u0161tn\u00edk<\/a><\/strong><\/p>\n\n\n\n<p><br>8. Rond\u00ed rudolf\u00ednsk\u00fd ples (16. a 17. stolet\u00ed):&nbsp;<strong><a href=\"https:\/\/www.zonerama.com\/Rond\/Album\/4148767\">na\u0161e fotogalerie<\/a><\/strong>,&nbsp;<strong><a rel=\"noreferrer noopener\" href=\"https:\/\/www.fotohad.cz\/aktualne-rondi-ples-2018.php\" target=\"_blank\">Had<\/a><\/strong>,&nbsp;<strong><a href=\"http:\/\/www.oook.cz\/events\/rond8\/\">P\u00e1v Lu\u010di\u0161tn\u00edk<\/a><\/strong><\/p>\n\n\n\n<p><br>7. Rond\u00ed ples (16. a 17. stolet\u00ed):&nbsp;<strong><a rel=\"noreferrer noopener\" href=\"https:\/\/www.zonerama.com\/Rond\/Album\/2883091\" target=\"_blank\">na\u0161e fotogalerie<\/a>,&nbsp;<a rel=\"noreferrer noopener\" href=\"https:\/\/www.fotohad.cz\/aktualne-rondi-ples-2017.php\" target=\"_blank\">Had<\/a><\/strong>,&nbsp;<strong><a rel=\"noreferrer noopener\" href=\"https:\/\/artmagazin.eu\/7-rondi-ples-na-novomestske-radnici-v-praze\/\" target=\"_blank\">Petr \u0160\u00e1lek<\/a><\/strong><\/p>\n\n\n\n<p><br>6. Rond\u00ed ples (16. a 17. stolet\u00ed):&nbsp;<strong><a rel=\"noreferrer noopener\" href=\"https:\/\/www.zonerama.com\/Rond\/Album\/2098458\" target=\"_blank\">na\u0161e fotogalerie<\/a>,&nbsp;<a rel=\"noreferrer noopener\" href=\"https:\/\/www.fotohad.cz\/aktualne-rondi-ples-2016.php\" target=\"_blank\">Had<\/a><\/strong> <\/p>\n\n\n\n<p><br>5. Rond\u00ed ples (16. a 17. stolet\u00ed):&nbsp;<strong><a rel=\"noreferrer noopener\" href=\"https:\/\/www.zonerama.com\/Rond\/Album\/2098442\" target=\"_blank\">na\u0161e fotogalerie<\/a>,&nbsp;<a rel=\"noreferrer noopener\" href=\"https:\/\/www.fotohad.cz\/aktualne-rondi-ples.php\" target=\"_blank\">Had<\/a><\/strong><\/p>\n\n\n\n<p><br>4. Rond\u00ed ples (16. a 17. stolet\u00ed):&nbsp;<strong><a rel=\"noreferrer noopener\" href=\"https:\/\/www.zonerama.com\/Rond\/Album\/2173203\" target=\"_blank\">na\u0161e fotogalerie<\/a>,<\/strong><a href=\"http:\/\/www.oook.cz\/events\/rond4\/\"><strong>P\u00e1v Lu\u010di\u0161tn\u00edk<\/strong><\/a>,&nbsp;<a href=\"http:\/\/photo-book.biz\/index.php?\/category\/140315_rondi_ples\"><strong>VH<br><\/strong><\/a><\/p>\n\n\n\n<p>3. Rond\u00ed ples (16. a 17. stolet\u00ed):&nbsp;<strong><a rel=\"noreferrer noopener\" href=\"https:\/\/www.zonerama.com\/Rond\/Album\/2098436\" target=\"_blank\">na\u0161e fotogalerie<\/a><\/strong>,&nbsp;<a href=\"http:\/\/www.oook.cz\/events\/rond3\/\"><strong>P\u00e1v Lu\u010di\u0161tn\u00edk<\/strong><\/a>,&nbsp;<a href=\"http:\/\/photo-book.biz\/index.php?\/category\/130309_rondi_ples\"><strong>VH<br><\/strong><\/a><\/p>\n\n\n\n<p>2. Rond\u00ed ples (1530-1630):&nbsp;<strong><a rel=\"noreferrer noopener\" href=\"https:\/\/www.zonerama.com\/Rond\/Album\/2098431\" target=\"_blank\">na\u0161e fotogalerie<\/a><\/strong>,&nbsp;<a href=\"http:\/\/barkafabianova.net\/fotogalerie\/2012RondPles\/\"><strong>Barka Fabi\u00e1nov\u00e1<\/strong><\/a>&nbsp;a&nbsp;<a href=\"http:\/\/photo-book.biz\/index.php?\/category\/120310_rondi_ples\"><strong>VH<br><\/strong><\/a><\/p>\n\n\n\n<p>1. Rond\u00ed ples:&nbsp;<strong><a href=\"https:\/\/www.zonerama.com\/Rond\/Album\/2098429\" target=\"_blank\" rel=\"noreferrer noopener\">na\u0161e fotogalerie<\/a><\/strong><\/p>\n\n\n\n<p><\/p>\n\n\n\n<p><strong>VIDEA<\/strong><\/p>\n\n\n\n<div class=\"wp-block-group\"><div class=\"wp-block-group__inner-container is-layout-flow wp-block-group-is-layout-flow\">\n<div class=\"wp-block-group\"><div class=\"wp-block-group__inner-container is-layout-flow wp-block-group-is-layout-flow\">\n<p>12. Rudolf\u00ednsk\u00fd ples: <a href=\"https:\/\/youtu.be\/TBoOx54DRck\"><strong>Battaglia<\/strong><\/a><\/p>\n\n\n\n<p>9. Rudolf\u00ednsk\u00fd ples:&nbsp;<a href=\"https:\/\/prahatv.eu\/zpravy\/praha\/praha\/9390\/rudolfinsky-ples-roztancil-novomestskou-radnici\" target=\"_blank\" rel=\"noreferrer noopener\"><strong>report\u00e1\u017e Praha TV<\/strong><\/a><\/p>\n\n\n\n<p>8. Rond\u00ed ples: <a href=\"https:\/\/youtu.be\/ghP4otBE2yk\"><strong>La volta<\/strong><\/a><\/p>\n\n\n\n<p>7. Rond\u00ed ples:&nbsp;<strong><a rel=\"noreferrer noopener\" href=\"http:\/\/prahatv.eu\/zpravy\/archiv\/1\/praha\/praha-2\/clanek\/4078\/4078--v-praze-2-probehl-tradicni-renesancni-ples\" target=\"_blank\">report\u00e1\u017e Praha TV<\/a>,&nbsp;<a rel=\"noreferrer noopener\" href=\"https:\/\/www.youtube.com\/watch?v=5tme9DnEqsQ\" target=\"_blank\">Les Buffons<\/a><\/strong><\/p>\n\n\n\n<p>4. Rond\u00ed ples: <strong><a rel=\"noreferrer noopener\" href=\"https:\/\/www.youtube.com\/watch?v=CaTkGYfKqGk\" data-type=\"URL\" data-id=\"https:\/\/www.youtube.com\/watch?v=CaTkGYfKqGk\" target=\"_blank\">Prince Oran\u017esk\u00fd<\/a><\/strong><\/p>\n\n\n\n<p>3. Rond\u00ed ples:&nbsp;<a rel=\"noreferrer noopener\" href=\"http:\/\/www.youtube.com\/watch?v=MiV09xzhxx4\" data-type=\"URL\" data-id=\"http:\/\/www.youtube.com\/watch?v=MiV09xzhxx4\" target=\"_blank\"><strong>upout\u00e1vka na ples<\/strong><\/a><\/p>\n<\/div><\/div>\n<\/div><\/div>\n\n\n\n<p><a href=\"https:\/\/picasaweb.google.com\/RondVObrazech\/RondiPles2011\"><\/a><\/p>\n<\/div>\n<\/div>\n\n\n\n<p><\/p>\n","protected":false},"excerpt":{"rendered":"<p>FOTOREPORT 15.\u00a0Rudolf\u00ednsk\u00fd ples (16. a 17. stolet\u00ed): na\u0161e galerie,\u00a0Had FB,\u00a0Barka Fabi\u00e1nov\u00e1 fotokoutek, Barka Fabi\u00e1nov\u00e1 14.&nbsp;Rudolf\u00ednsk\u00fd ples (16. a 17. stolet\u00ed): na\u0161e galerie 13.&nbsp;Rudolf\u00ednsk\u00fd ples (16.<a href=\"https:\/\/www.rudolfinskyples.cz\/index.php\/ples-v-obrazech\/\" class=\"more-link\"><span class=\"screen-reader-text\"> &#8222;Ples v obrazech&#8220;<\/span><\/a><\/p>\n","protected":false},"author":1,"featured_media":0,"parent":0,"menu_order":0,"comment_status":"closed","ping_status":"closed","template":"","meta":{"footnotes":""},"class_list":["post-116","page","type-page","status-publish","hentry"],"_links":{"self":[{"href":"https:\/\/www.rudolfinskyples.cz\/index.php\/wp-json\/wp\/v2\/pages\/116","targetHints":{"allow":["GET"]}}],"collection":[{"href":"https:\/\/www.rudolfinskyples.cz\/index.php\/wp-json\/wp\/v2\/pages"}],"about":[{"href":"https:\/\/www.rudolfinskyples.cz\/index.php\/wp-json\/wp\/v2\/types\/page"}],"author":[{"embeddable":true,"href":"https:\/\/www.rudolfinskyples.cz\/index.php\/wp-json\/wp\/v2\/users\/1"}],"replies":[{"embeddable":true,"href":"https:\/\/www.rudolfinskyples.cz\/index.php\/wp-json\/wp\/v2\/comments?post=116"}],"version-history":[{"count":19,"href":"https:\/\/www.rudolfinskyples.cz\/index.php\/wp-json\/wp\/v2\/pages\/116\/revisions"}],"predecessor-version":[{"id":384,"href":"https:\/\/www.rudolfinskyples.cz\/index.php\/wp-json\/wp\/v2\/pages\/116\/revisions\/384"}],"wp:attachment":[{"href":"https:\/\/www.rudolfinskyples.cz\/index.php\/wp-json\/wp\/v2\/media?parent=116"}],"curies":[{"name":"wp","href":"https:\/\/api.w.org\/{rel}","templated":true}]}}